-3*o = -3 + 18. Let z(k) = -9*k - 5. Let x(d) = -11*d - 4. Let h(y) = g*x(y) + o*z(y). Give h(-8).
1
Let g(a) = -a**2 - 29*a - 46. Let h be -34 - (30/(36/(-6)) + -2). What is g(h)?
8
Let g(i) = 18*i + 194. Let s be g(-10). Let d(k) = -s + 13 + k**2 - 3*k - k**3 - 2*k**2. Calculate d(-2).
9
Let y = 6 - 4. Suppose 0 = 5*u - 5*r + 145, -y*u - 4*r + 0*r = 58. Let k = 34 + u. Let a(p) = p. Determine a(k).
5
Let d(g) be the first derivative of -13*g**2/2 - g + 2883. Give d(-2).
25
Let m = 190 + -95. Suppose t - 25 = -2*c, -m = -5*t - 3*c - c. Suppose -w = -4*w - t. Let d(x) = -x**2 - 3*x + 6. Give d(w).
-4
Let q(s) = s**2 + 9*s - 17. Let j be (-4)/((-8)/(-22))*48/48. Determine q(j).
5
Let s(q) = q**2 + 2*q + 3. Let d(o) = -8*o**2 + 12*o - 75. Let b(x) = -d(x) - 7*s(x). Give b(23).
-15
Let p(i) be the third derivative of 5*i**4/24 + i**3 + i**2. Let z be -2310 + 2315 - ((-8)/12)/(2/6). Determine p(z).
41
Let d(y) = y**3 + 13*y**2 + 19*y + 16. Let m be d(-11). Let v = 118 - m. Let c = v - 58. Let t(k) = -k**2 + 10*k + 11. Calculate t(c).
0
Let q(h) = h**3 + 2*h**2 - 9. Suppose -16*z + z = -6*z. Suppose -29*f - 1 + 1 = z. What is q(f)?
-9
Let t(l) = -186 - 184 - 187 - 191 - l + 739. Let f(j) = j**2 - 8*j + 7. Let y be f(5). Calculate t(y).
-1
Let y(f) = 2*f + 27. Let v be y(-9). Let m(o) = -16*o**3 + o**2 + 19*o**3 + v*o**3 + o**3. Determine m(1).
14
Let c(t) be the second derivative of 0 + 8*t**2 + 1/6*t**3 + 32*t. What is c(0)?
16
Let g(h) = 727*h - 745. Let w be g(1). Let z(t) = 10*t + 193. Calculate z(w).
13
Let u(v) be the first derivative of -v**5/20 - v**4/3 - v**3/2 + 67*v + 41. Let p(r) be the first derivative of u(r). What is p(-3)?
0
Let n be (0 + -8 + 2)/(-2). Let i(x) = 4*x**n + 8*x**2 + 3*x - 3 - 5*x**2 - 5*x**3 + 1. Let v be i(3). Let p(s) = -s**3 + 6*s**2 + 9*s - 8. Calculate p(v).
6
Suppose 2*c - 4 = 2*p - 2, 0 = -2*c + 2. Suppose 4*a = 10*a + 2*a. Let t(h) = -505 + h**3 + 0*h**2 + 520 + h + a*h**2. Calculate t(p).
15
Let v(i) be the second derivative of i**5/20 - 5*i**4/6 - 2*i**2 - 1815*i. Let g be (80/12)/(6/9). What is v(g)?
-4
Let r(y) = -11*y - 1. Let p be r(-1). Let w(v) = p - 7*v**2 - 4*v - 4*v - 5 - v**3. Let z = 82574 - 82580. Determine w(z).
17
Let d(a) = -46*a - 12. Let j(c) = 54*c + 8. Let m(n) = 3*d(n) + 4*j(n). Give m(1).
74
Let n(y) = -301*y + 2702. Let b be n(9). Let a(i) = -63*i - 441. Calculate a(b).
0
Let b(s) = 10*s**3 + 4*s**2 + 11*s - 4. Let d(o) = -o**3 + o**2 + 2*o - 1. Suppose -10*k + 80 = 70. Let q(w) = k*b(w) - 5*d(w). Calculate q(-1).
-16
Suppose -2*f + 5 = 17. Let n = 1 - -1. Let w(a) = -a + 7*a - 9*a - a**3 - 7 - 7*a**n - 3*a. Give w(f).
-7
Let o(a) = a**3 - 12*a**2 - 14*a + 16. Let l(x) = 3*x**3 - 11*x**2 - 3. Let d = -88 + 92. Let t be l(d). Determine o(t).
3
Let o(h) = h**3 - 8*h**2 + 7*h - 61. Let x be o(8). Let b(g) = g**3 + 5*g**2 - 2*g. What is b(x)?
10
Suppose -3*p - 5*v + 16 = 0, 4*v = -2*p + 19 - 7. Let m(y) = 1 - 29*y - 43*y - 21*y**p + 71*y. Give m(1).
-21
Let b(l) be the third derivative of l**5/60 - l**4/6 + l**3/2 - 2*l**2. Suppose 22*v - 163*v = -987. What is b(v)?
24
Suppose -184 = 5*x + 3*i, -2*i = -22 + 28. Let o(c) = c**3 + 36*c**2 + 32*c - 112. Determine o(x).
-7
Suppose 164*u - 160 = 174*u. Let g(m) = -m**3 - 15*m**2 + 15*m + 12. What is g(u)?
28
Let n = 6367 + -6371. Let l(y) = y**3 + y**2 + 3*y + 8. Calculate l(n).
-52
Let v(a) = -a**3 - 6*a**2 + 7*a - 3. Suppose -26 - 33 = -5*p - 3*z, -4*p + 42 = 5*z. Suppose 15 = -3*m, 2*u - 10*m + 29 = -p*m. What is v(u)?
-3
Let v(x) be the first derivative of -x**4/4 - 10*x**3/3 + x**2/2 - 3*x + 2945. What is v(-9)?
-93
Let n(b) = -2*b**3 + 5*b**2 - 6. Suppose -222*p - 537 = -401*p. Give n(p).
-15
Suppose 7*u - 21 = -3*x, 93*u - 21 = 97*u - 3*x. Let t(m) = -m**2 - m + 19. What is t(u)?
19
Let t(a) = a - 13. Let h = -42 + 57. Calculate t(h).
2
Suppose -o + 2 = -13. Suppose -4*x = -x - o. Let s(r) = -8 + x + 2*r - r. What is s(3)?
0
Let b = 50 - -27. Let g = 73 - b. Let s(h) = 8*h. What is s(g)?
-32
Suppose r + 2 = 4*r + 2*a, -3*r - 2 = 4*a. Suppose -f - w + 14 = f, -f + 13 = r*w. Let p(v) = 13595*v + 6 + v**2 - 2*v**2 - 13592*v - 2. Determine p(f).
-6
Suppose 0 = 4*h + 4, -7 = -z - 2*h - 11. Let s(y) = 4*y - 3*y - 17*y**2 + 25*y**2 - 3*y. What is s(z)?
36
Let o be 0*(-2)/4 + 60/30. Suppose 4*y = -6*h + o*h + 28, 4*h - 4 = 0. Let t(a) = a**2 - 2*a. Calculate t(y).
24
Let m(g) = 11*g + g**2 - 33*g + 15*g - 12 + 12*g. Suppose 0 = -3*w + 4*h + 2, 3*w + 27*h - 22*h + 43 = 0. Give m(w).
-6
Let f(w) = -w**2 - 3. Suppose 32*l + 17 = -6 - 73. Give f(l).
-12
Let x(p) be the third derivative of -p**7/2520 + p**6/45 - p**5/8 - 143*p**4/24 - 98*p**2. Let b(t) be the second derivative of x(t). Give b(15).
0
Suppose 6*l + 216 = 14*l. Let q(r) = -50 + 30 - 4*r + l + 3*r. What is q(3)?
4
Let z(i) be the third derivative of -i**4/4 - 3*i**3/2 + 15*i**2. Let r(o) = 7*o + 10. Let a(l) = -4*r(l) - 5*z(l). Suppose -42*j + 47*j = -30. Determine a(j).
-7
Let t(k) = -8*k + 4. Let j(d) = 39*d - 21. Let v(c) = -2*j(c) - 11*t(c). Suppose -6 = 6*h + 3 + 3. Determine v(h).
-22
Let q(b) = -b**2 - 7*b. Let a(m) = 53*m - 96. Let p(o) = -a(o) + 2*q(o). Determine p(-35).
-9
Suppose -2607*f = -2629*f + 66. Let s(w) = -21*w + 43. Determine s(f).
-20
Let c(l) = -6*l - 273. Let d be c(-45). Let w(y) = 3*y**2 + 9*y + 6. Let u be w(d). Let h(n) = -3*n + 9. What is h(u)?
-9
Let l be -6 - 128/(-20) - (-12)/(-5). Let y(j) = -8*j**2 + j. Let z(n) = 10*n**2 - n + 1. Let h(v) = l*z(v) - 3*y(v). Determine h(-2).
16
Let t(z) be the second derivative of 0*z**3 - 1/4*z**4 + 6*z - 1 - 2*z**2 - 1/20*z**5. Give t(-3).
-4
Let p(t) = 29*t - 20 - 6*t + 25*t - 43*t. Give p(7).
15
Let h(a) = 209*a - 31. Let j(f) = 488*f - 61. Let b(n) = 7*h(n) - 3*j(n). What is b(-38)?
4
Suppose -2*u = -492*t + 497*t, 3*u = 3*t + 21. Let f(h) = -63*h + 6. Calculate f(t).
132
Let y(j) be the first derivative of -j**4/4 + 50*j**3/3 - 2*j**2 + 207*j - 2140. Give y(50).
7
Suppose -16 = -m + t - 26, 0 = 4*m - 2*t + 42. Let d(w) = -w**2 - 16*w - 12. Give d(m).
43
Let l(w) = w**3 + 8*w**2 - 7*w - 18. Let y be (-24)/20 - (8 - 1) - 12/15. Determine l(y).
-36
Let f(u) = u**3 - 7*u**2 - 7*u - 6. Let t(x) = x - 13. Let l be t(16). Suppose -2*b = l*w + b - 45, -2*b = -3*w + 45. Suppose w = -2*h + 31. Calculate f(h).
2
Let t(b) = -b + 2. Suppose w + 5*n = 12, 6 = -3*w + 2*w + 4*n. Suppose -4*m = c + 13, 10*c = 7*c - w*m - 19. Calculate t(c).
7
Let t be -108 + 103 - 4/(-6)*-6. Let w(f) = -f**2 - 13*f - 11. Calculate w(t).
25
Let s(q) be the second derivative of q**7/840 + q**6/180 - q**5/120 - q**4/12 + 3*q**3 + q**2 + 21*q. Let n(h) be the second derivative of s(h). Determine n(2).
12
Suppose 2*m + 7*m - 9 = 0. Let v(o) = -13*o + 54. Let s be v(4). Let x(t) = 13*t**3 + 14*t**3 + t - 36*t**3 - s*t**2 + 14*t**3. Give x(m).
4
Suppose 2*f + 9*x - 7*x + 10 = 0, -x = 4*f + 23. Let z be 19/38*(2 + f - -2). Let l(d) = 3*d**2. What is l(z)?
3
Let g(q) = q**3 + 18*q**2 + 21*q + 5. Suppose -33*w + 70 = -38*w + 5*f, -5*w = 2*f + 91. What is g(w)?
-63
Let u(v) = 4*v - 1. Let d(z) = -z**2 + 10*z - 21. Let g be d(-8). Let b be ((-4)/(-10))/(33/g). Determine u(b).
-9
Let g(a) = a - 9. Let m(l) = 40 + 36 - 91 - 2*l + 41. Let z(t) = -8*g(t) - 3*m(t). Give z(5).
-16
Let b(n) be the third derivative of -n**4/24 + n**3/2 - 51663*n**2. Suppose 4*o + 4 = -2*j, 4*j + o + 1 = j. Calculate b(j).
3
Let j(o) = -3*o**3 - o**2 + o - 1. Let g be j(1). Let m(r) be the first derivative of -r**4/4 - r**3 - 5*r + 54149. What is m(g)?
11
Suppose -2*p + 80 = 11*p - 24. Let g(f) = -f**2 + 9*f - 9. What is g(p)?
-1
Let j(p) = 980*p**2 + 1237*p**2 - 2219*p**2 - 14*p + 1. Calculate j(-7).
1
Let k(f) = -11*f - 65. Suppose 90*p + 488 = -232. Calculate k(p).
23
Let j(r) = 20*r**2 - 14 + 13*r + 2 - 21*r**2 - 64*r**3 - 64*r**3 + 127*r**3. Give j(3).
-9
Let g(o) = -o**3 - 11*o**2 - o - 13. Let m be ((-114)/10)/(-1 + 160/175). Suppose -y + 93 = -29. Let a = y - m. What is g(a)?
-2
Let o(b) = 359*b - 2356. Let n(u) = -144*u + 943. Let i(a) = -12*n(a) - 5*o(a). What is i(7)?
-5
Let s = 52 - -13. Let i(k) = 9 + s*k + 58*k - 132*k + k**2. Determine i(7).
-5
Suppose i - m = 10, 6*i - 73 = -m - 69. Let v = -3 - -3. Let w(z) = 3 + 3*z + v - 4. What is w(i)?
5
Suppose 25 = 5*u + 5. S